{"id":643,"date":"2024-04-17T08:01:54","date_gmt":"2024-04-17T08:01:54","guid":{"rendered":"https:\/\/www.jobstreibizer.it\/informativa-sulla-privacy\/"},"modified":"2025-01-02T07:39:27","modified_gmt":"2025-01-02T07:39:27","slug":"informativa-sulla-privacy","status":"publish","type":"page","link":"https:\/\/www.jobstreibizer.it\/it\/informativa-sulla-privacy\/","title":{"rendered":"Informativa sulla privacy"},"content":{"rendered":"<section  class='av_textblock_section av-lv3ixsrf-4403b62034dd72f3b74360e4a96a9057 '   itemscope=\"itemscope\" itemtype=\"https:\/\/schema.org\/CreativeWork\" ><div class='avia_textblock'  itemprop=\"text\" ><p>Ai sensi dell&#8217;art. 13 del Decreto Legislativo 30 giugno 2003, n. 196, Vi informiamo che noi (la ditta Jobstreibizer Andreas, Europastr. 7, 39031 Brunico-BZ) abbiamo memorizzato i dati relativi alla Vostra azienda. In questo modo, salvaguardiamo i vostri diritti fondamentali in materia di protezione dei dati personali.<\/p>\n<h4><\/h4>\n<ul>\n<li>Adempimento di obblighi di legge, obblighi derivanti da regolamenti, norme comunitarie e leggi civili e fiscali<\/li>\n<li>Adempimento di eventuali obblighi contrattuali<\/li>\n<li>Adempimento di attivit\u00e0 connesse alle attivit\u00e0 commerciali di Hettis Einrichtung &#8211; Planungs GmbH, come la compilazione di statistiche interne, la fatturazione e la contabilit\u00e0 clienti\/fornitori<\/li>\n<li>realizzazione di obiettivi commerciali, come l&#8217;invio di informazioni commerciali e materiale pubblicitario (per posta, fax ed e-mail), marketing e ricerche di mercato<\/li>\n<li>Protezione dei crediti e gestione delle passivit\u00e0<\/li>\n<\/ul>\n<h4><\/h4>\n<ul>\n<li>alle pubbliche amministrazioni e alle autorit\u00e0, se ci\u00f2 \u00e8 previsto dalla legge<\/li>\n<li>agli istituti di credito con i quali intratteniamo rapporti commerciali per la gestione dei crediti\/passivit\u00e0 e per l&#8217;intermediazione finanziaria<\/li>\n<li>a tutte quelle persone fisiche e\/o giuridiche, pubbliche e\/o private (uffici di consulenza legale, amministrativa e fiscale, tribunali, camere di commercio, ecc.) qualora l&#8217;invio risulti necessario o opportuno per lo svolgimento delle nostre attivit\u00e0<\/li>\n<\/ul>\n<p>I dati personali trattati da Jobstreibizer Andreas non sono soggetti a diffusione.<\/p>\n<p>Il trattamento potr\u00e0 essere effettuato sia manualmente che elettronicamente e comprender\u00e0 tutte le operazioni previste dall&#8217;art. 4, comma 1, lettera a del D.Lgs. 30 giugno 2003, n. 196 e necessarie al trattamento in questione. \u2202La sicurezza e la riservatezza dei dati sono garantite.<\/p>\n<p>Ai sensi della legge sulla protezione dei dati, avete il diritto di sapere quali dati abbiamo memorizzato su di voi e quali dati abbiamo trasmesso a chi. Inoltre, avete il diritto di confermare, controllare, correggere e integrare i vostri dati, di chiederne la cancellazione, il blocco e la trasformazione in forma anonima se il trattamento viola le disposizioni di legge. Potete esercitare tali diritti inviando una richiesta al responsabile del trattamento, Mr Jobstreibizer, Europastr. 7, I-39031 Brunico.<\/p>\n<p>Il titolare del trattamento \u00e8:<\/p>\n<p>Jobstreibizer Andreas, Europastr.7, 39031 Brunico (BZ), in persona del legale rappresentante, sig. Jobstreibizer Andreas.<\/p>\n<p>Se non viene comunicato nulla di diverso per iscritto, consideriamo questa lettera come accettata.<\/p>\n<\/div><\/section>\n","protected":false},"excerpt":{"rendered":"","protected":false},"author":1,"featured_media":0,"parent":0,"menu_order":0,"comment_status":"closed","ping_status":"closed","template":"","meta":{"footnotes":""},"class_list":["post-643","page","type-page","status-publish","hentry"],"yoast_head":"<!-- This site is optimized with the Yoast SEO plugin v26.0 - https:\/\/yoast.com\/wordpress\/plugins\/seo\/ -->\n<title>Informativa sulla privacy - Jobstreibizer Betten, W\u00e4sche, Matrazen<\/title>\n<meta name=\"robots\" content=\"index, follow, max-snippet:-1, max-image-preview:large, max-video-preview:-1\" \/>\n<link rel=\"canonical\" href=\"https:\/\/www.jobstreibizer.it\/it\/informativa-sulla-privacy\/\" \/>\n<meta property=\"og:locale\" content=\"it_IT\" \/>\n<meta property=\"og:type\" content=\"article\" \/>\n<meta property=\"og:title\" content=\"Informativa sulla privacy - Jobstreibizer Betten, W\u00e4sche, Matrazen\" \/>\n<meta property=\"og:url\" content=\"https:\/\/www.jobstreibizer.it\/it\/informativa-sulla-privacy\/\" \/>\n<meta property=\"og:site_name\" content=\"Jobstreibizer Betten, W\u00e4sche, Matrazen\" \/>\n<meta property=\"article:modified_time\" content=\"2025-01-02T07:39:27+00:00\" \/>\n<meta name=\"twitter:card\" content=\"summary_large_image\" \/>\n<meta name=\"twitter:label1\" content=\"Tempo di lettura stimato\" \/>\n\t<meta name=\"twitter:data1\" content=\"2 minuti\" \/>\n<script type=\"application\/ld+json\" class=\"yoast-schema-graph\">{\"@context\":\"https:\/\/schema.org\",\"@graph\":[{\"@type\":\"WebPage\",\"@id\":\"https:\/\/www.jobstreibizer.it\/it\/informativa-sulla-privacy\/\",\"url\":\"https:\/\/www.jobstreibizer.it\/it\/informativa-sulla-privacy\/\",\"name\":\"Informativa sulla privacy - Jobstreibizer Betten, W\u00e4sche, Matrazen\",\"isPartOf\":{\"@id\":\"https:\/\/www.jobstreibizer.it\/it\/#website\"},\"datePublished\":\"2024-04-17T08:01:54+00:00\",\"dateModified\":\"2025-01-02T07:39:27+00:00\",\"breadcrumb\":{\"@id\":\"https:\/\/www.jobstreibizer.it\/it\/informativa-sulla-privacy\/#breadcrumb\"},\"inLanguage\":\"it-IT\",\"potentialAction\":[{\"@type\":\"ReadAction\",\"target\":[\"https:\/\/www.jobstreibizer.it\/it\/informativa-sulla-privacy\/\"]}]},{\"@type\":\"BreadcrumbList\",\"@id\":\"https:\/\/www.jobstreibizer.it\/it\/informativa-sulla-privacy\/#breadcrumb\",\"itemListElement\":[{\"@type\":\"ListItem\",\"position\":1,\"name\":\"Home\",\"item\":\"https:\/\/www.jobstreibizer.it\/it\/home\/\"},{\"@type\":\"ListItem\",\"position\":2,\"name\":\"Informativa sulla privacy\"}]},{\"@type\":\"WebSite\",\"@id\":\"https:\/\/www.jobstreibizer.it\/it\/#website\",\"url\":\"https:\/\/www.jobstreibizer.it\/it\/\",\"name\":\"Jobstreibizer Betten, W\u00e4sche, Matrazen\",\"description\":\"\",\"potentialAction\":[{\"@type\":\"SearchAction\",\"target\":{\"@type\":\"EntryPoint\",\"urlTemplate\":\"https:\/\/www.jobstreibizer.it\/it\/?s={search_term_string}\"},\"query-input\":{\"@type\":\"PropertyValueSpecification\",\"valueRequired\":true,\"valueName\":\"search_term_string\"}}],\"inLanguage\":\"it-IT\"}]}<\/script>\n<!-- \/ Yoast SEO plugin. -->","yoast_head_json":{"title":"Informativa sulla privacy - Jobstreibizer Betten, W\u00e4sche, Matrazen","robots":{"index":"index","follow":"follow","max-snippet":"max-snippet:-1","max-image-preview":"max-image-preview:large","max-video-preview":"max-video-preview:-1"},"canonical":"https:\/\/www.jobstreibizer.it\/it\/informativa-sulla-privacy\/","og_locale":"it_IT","og_type":"article","og_title":"Informativa sulla privacy - Jobstreibizer Betten, W\u00e4sche, Matrazen","og_url":"https:\/\/www.jobstreibizer.it\/it\/informativa-sulla-privacy\/","og_site_name":"Jobstreibizer Betten, W\u00e4sche, Matrazen","article_modified_time":"2025-01-02T07:39:27+00:00","twitter_card":"summary_large_image","twitter_misc":{"Tempo di lettura stimato":"2 minuti"},"schema":{"@context":"https:\/\/schema.org","@graph":[{"@type":"WebPage","@id":"https:\/\/www.jobstreibizer.it\/it\/informativa-sulla-privacy\/","url":"https:\/\/www.jobstreibizer.it\/it\/informativa-sulla-privacy\/","name":"Informativa sulla privacy - Jobstreibizer Betten, W\u00e4sche, Matrazen","isPartOf":{"@id":"https:\/\/www.jobstreibizer.it\/it\/#website"},"datePublished":"2024-04-17T08:01:54+00:00","dateModified":"2025-01-02T07:39:27+00:00","breadcrumb":{"@id":"https:\/\/www.jobstreibizer.it\/it\/informativa-sulla-privacy\/#breadcrumb"},"inLanguage":"it-IT","potentialAction":[{"@type":"ReadAction","target":["https:\/\/www.jobstreibizer.it\/it\/informativa-sulla-privacy\/"]}]},{"@type":"BreadcrumbList","@id":"https:\/\/www.jobstreibizer.it\/it\/informativa-sulla-privacy\/#breadcrumb","itemListElement":[{"@type":"ListItem","position":1,"name":"Home","item":"https:\/\/www.jobstreibizer.it\/it\/home\/"},{"@type":"ListItem","position":2,"name":"Informativa sulla privacy"}]},{"@type":"WebSite","@id":"https:\/\/www.jobstreibizer.it\/it\/#website","url":"https:\/\/www.jobstreibizer.it\/it\/","name":"Jobstreibizer Betten, W\u00e4sche, Matrazen","description":"","potentialAction":[{"@type":"SearchAction","target":{"@type":"EntryPoint","urlTemplate":"https:\/\/www.jobstreibizer.it\/it\/?s={search_term_string}"},"query-input":{"@type":"PropertyValueSpecification","valueRequired":true,"valueName":"search_term_string"}}],"inLanguage":"it-IT"}]}},"_links":{"self":[{"href":"https:\/\/www.jobstreibizer.it\/it\/wp-json\/wp\/v2\/pages\/643","targetHints":{"allow":["GET"]}}],"collection":[{"href":"https:\/\/www.jobstreibizer.it\/it\/wp-json\/wp\/v2\/pages"}],"about":[{"href":"https:\/\/www.jobstreibizer.it\/it\/wp-json\/wp\/v2\/types\/page"}],"author":[{"embeddable":true,"href":"https:\/\/www.jobstreibizer.it\/it\/wp-json\/wp\/v2\/users\/1"}],"replies":[{"embeddable":true,"href":"https:\/\/www.jobstreibizer.it\/it\/wp-json\/wp\/v2\/comments?post=643"}],"version-history":[{"count":2,"href":"https:\/\/www.jobstreibizer.it\/it\/wp-json\/wp\/v2\/pages\/643\/revisions"}],"predecessor-version":[{"id":647,"href":"https:\/\/www.jobstreibizer.it\/it\/wp-json\/wp\/v2\/pages\/643\/revisions\/647"}],"wp:attachment":[{"href":"https:\/\/www.jobstreibizer.it\/it\/wp-json\/wp\/v2\/media?parent=643"}],"curies":[{"name":"wp","href":"https:\/\/api.w.org\/{rel}","templated":true}]}}

<section  class='av_textblock_section av-lv3ixsrf-4403b62034dd72f3b74360e4a96a9057 '   itemscope="itemscope" itemtype="https://schema.org/CreativeWork" ><div class='avia_textblock'  itemprop="text" ><p>Ai sensi dell&#8217;art. 13 del Decreto Legislativo 30 giugno 2003, n. 196, Vi informiamo che noi (la ditta Jobstreibizer Andreas, Europastr. 7, 39031 Brunico-BZ) abbiamo memorizzato i dati relativi alla Vostra azienda. In questo modo, salvaguardiamo i vostri diritti fondamentali in materia di protezione dei dati personali.</p>
<h4></h4>
<ul>
<li>Adempimento di obblighi di legge, obblighi derivanti da regolamenti, norme comunitarie e leggi civili e fiscali</li>
<li>Adempimento di eventuali obblighi contrattuali</li>
<li>Adempimento di attività connesse alle attività commerciali di Hettis Einrichtung &#8211; Planungs GmbH, come la compilazione di statistiche interne, la fatturazione e la contabilità clienti/fornitori</li>
<li>realizzazione di obiettivi commerciali, come l&#8217;invio di informazioni commerciali e materiale pubblicitario (per posta, fax ed e-mail), marketing e ricerche di mercato</li>
<li>Protezione dei crediti e gestione delle passività</li>
</ul>
<h4></h4>
<ul>
<li>alle pubbliche amministrazioni e alle autorità, se ciò è previsto dalla legge</li>
<li>agli istituti di credito con i quali intratteniamo rapporti commerciali per la gestione dei crediti/passività e per l&#8217;intermediazione finanziaria</li>
<li>a tutte quelle persone fisiche e/o giuridiche, pubbliche e/o private (uffici di consulenza legale, amministrativa e fiscale, tribunali, camere di commercio, ecc.) qualora l&#8217;invio risulti necessario o opportuno per lo svolgimento delle nostre attività</li>
</ul>
<p>I dati personali trattati da Jobstreibizer Andreas non sono soggetti a diffusione.</p>
<p>Il trattamento potrà essere effettuato sia manualmente che elettronicamente e comprenderà tutte le operazioni previste dall&#8217;art. 4, comma 1, lettera a del D.Lgs. 30 giugno 2003, n. 196 e necessarie al trattamento in questione. ∂La sicurezza e la riservatezza dei dati sono garantite.</p>
<p>Ai sensi della legge sulla protezione dei dati, avete il diritto di sapere quali dati abbiamo memorizzato su di voi e quali dati abbiamo trasmesso a chi. Inoltre, avete il diritto di confermare, controllare, correggere e integrare i vostri dati, di chiederne la cancellazione, il blocco e la trasformazione in forma anonima se il trattamento viola le disposizioni di legge. Potete esercitare tali diritti inviando una richiesta al responsabile del trattamento, Mr Jobstreibizer, Europastr. 7, I-39031 Brunico.</p>
<p>Il titolare del trattamento è:</p>
<p>Jobstreibizer Andreas, Europastr.7, 39031 Brunico (BZ), in persona del legale rappresentante, sig. Jobstreibizer Andreas.</p>
<p>Se non viene comunicato nulla di diverso per iscritto, consideriamo questa lettera come accettata.</p>
</div></section>

<!-- This site is optimized with the Yoast SEO plugin v26.0 - https://yoast.com/wordpress/plugins/seo/ -->
<title>Informativa sulla privacy - Jobstreibizer Betten, Wäsche, Matrazen</title>
<meta name="robots" content="index, follow, max-snippet:-1, max-image-preview:large, max-video-preview:-1" />
<link rel="canonical" href="https://www.jobstreibizer.it/it/informativa-sulla-privacy/" />
<meta property="og:locale" content="it_IT" />
<meta property="og:type" content="article" />
<meta property="og:title" content="Informativa sulla privacy - Jobstreibizer Betten, Wäsche, Matrazen" />
<meta property="og:url" content="https://www.jobstreibizer.it/it/informativa-sulla-privacy/" />
<meta property="og:site_name" content="Jobstreibizer Betten, Wäsche, Matrazen" />
<meta property="article:modified_time" content="2025-01-02T07:39:27+00:00" />
<meta name="twitter:card" content="summary_large_image" />
<meta name="twitter:label1" content="Tempo di lettura stimato" />
	<meta name="twitter:data1" content="2 minuti" />
<script type="application/ld+json" class="yoast-schema-graph">{"@context":"https://schema.org","@graph":[{"@type":"WebPage","@id":"https://www.jobstreibizer.it/it/informativa-sulla-privacy/","url":"https://www.jobstreibizer.it/it/informativa-sulla-privacy/","name":"Informativa sulla privacy - Jobstreibizer Betten, Wäsche, Matrazen","isPartOf":{"@id":"https://www.jobstreibizer.it/it/#website"},"datePublished":"2024-04-17T08:01:54+00:00","dateModified":"2025-01-02T07:39:27+00:00","breadcrumb":{"@id":"https://www.jobstreibizer.it/it/informativa-sulla-privacy/#breadcrumb"},"inLanguage":"it-IT","potentialAction":[{"@type":"ReadAction","target":["https://www.jobstreibizer.it/it/informativa-sulla-privacy/"]}]},{"@type":"BreadcrumbList","@id":"https://www.jobstreibizer.it/it/informativa-sulla-privacy/#breadcrumb","itemListElement":[{"@type":"ListItem","position":1,"name":"Home","item":"https://www.jobstreibizer.it/it/home/"},{"@type":"ListItem","position":2,"name":"Informativa sulla privacy"}]},{"@type":"WebSite","@id":"https://www.jobstreibizer.it/it/#website","url":"https://www.jobstreibizer.it/it/","name":"Jobstreibizer Betten, Wäsche, Matrazen","description":"","potentialAction":[{"@type":"SearchAction","target":{"@type":"EntryPoint","urlTemplate":"https://www.jobstreibizer.it/it/?s={search_term_string}"},"query-input":{"@type":"PropertyValueSpecification","valueRequired":true,"valueName":"search_term_string"}}],"inLanguage":"it-IT"}]}</script>
<!-- / Yoast SEO plugin. -->

Informativa sulla privacy - Jobstreibizer Betten, Wäsche, Matrazen

Jobstreibizer Betten, Wäsche, Matrazen
